at is -113 - -3?
-110
In base 12, what is -3 - 4b?
-52
In base 14, what is 1 + -314?
-313
In base 12, what is 14 - -266?
27a
In base 9, what is 100 + -10?
80
In base 3, what is 0 + -12022?
-12022
In base 8, what is -4 - 46?
-52
In base 16, what is e97 + 2?
e99
In base 10, what is 636 + -5?
631
In base 6, what is -12104 + 3?
-12101
In base 7, what is 3 - 4113?
-4110
In base 15, what is 2 - -54?
56
In base 8, what is 577 + -3?
574
In base 5, what is -1332 - 0?
-1332
In base 11, what is 88 - -4?
91
In base 7, what is 15003 - -13?
15016
In base 12, what is -1 + 18b?
18a
In base 6, what is 5 + -11015?
-11010
In base 3, what is -1220102220 - 1?
-1220102221
In base 12, what is 115 + -2?
113
In base 14, what is -1d7 + -5?
-1dc
In base 9, what is 328 + 1?
330
In base 10, what is -19 - 35?
-54
In base 6, what is 14230 - -2?
14232
In base 12, what is -112 - 40?
-152
In base 11, what is -77 - 24?
-a0
In base 10, what is -4 - -12?
8
In base 10, what is 6 - 9?
-3
In base 4, what is 32 - -30?
122
In base 3, what is 1122002 - -10?
1122012
In base 5, what is -10 + 4231?
4221
In base 7, what is -63536 - 2?
-63541
In base 8, what is 72 - -741?
1033
In base 12, what is 121a - 6?
1214
In base 15, what is 2 + 10?
12
In base 6, what is 1430 + 12?
1442
In base 4, what is 3 - 212?
-203
In base 8, what is 5 + 15?
22
In base 7, what is 12 - 2?
10
In base 10, what is -2 + -1614?
-1616
In base 5, what is 3 - 1010?
-1002
In base 2, what is 100111 + 10000011?
10101010
In base 8, what is 3214 - 6?
3206
In base 3, what is 2220 - 1?
2212
In base 4, what is 122 - 32?
30
In base 2, what is -1001100011 - -11001?
-1001001010
In base 6, what is -1 - -3553?
3552
In base 11, what is -36 + 1?
-35
In base 14, what is -725 + 3?
-722
In base 5, what is -12 - -133?
121
In base 10, what is -68 - 0?
-68
In base 13, what is 1a - 0?
1a
In base 4, what is 3 + 22232?
22301
In base 12, what is 261 + -32?
22b
In base 14, what is -4 + 15?
11
In base 14, what is -66 - 4?
-6a
In base 11, what is 1a86 - 5?
1a81
In base 2, what is -1000010 - -1101011?
101001
In base 13, what is -254 + 3?
-251
In base 10, what is -3830 - 5?
-3835
In base 8, what is 1156 - -5?
1163
In base 10, what is -42 + -62?
-104
In base 3, what is 2121012121 + -2?
2121012112
In base 3, what is 10 - -200201?
200211
In base 11, what is 17 + 44?
60
In base 13, what is -5a + 3?
-57
In base 5, what is -100 + -1111?
-1211
In base 4, what is 21203 + -20?
21123
In base 16, what is -2 - 41c?
-41e
In base 9, what is 2 - 7?
-5
In base 2, what is 11 + 10101?
11000
In base 10, what is 1 - -285?
286
In base 9, what is -111 + 107?
-3
In base 11, what is 3 + 4a?
52
In base 14, what is -2 - -c?
a
In base 6, what is 10 - -55?
105
In base 9, what is 3657 + -3?
3654
In base 3, what is -2201 - -1?
-2200
In base 8, what is 32 + -14?
16
In base 15, what is 170 + -a?
165
In base 3, what is 2 + 22101?
22110
In base 7, what is -262 - 23?
-315
In base 12, what is 80 - -17?
97
In base 16, what is 537 - 6?
531
In base 13, what is 1 + 69?
6a
In base 12, what is -34 - a4?
-118
In base 11, what is -9 - -4?
-5
In base 4, what is -11310 - -2?
-11302
In base 14, what is -2c - -b?
-21
In base 7, what is -5 + -5166?
-5204
In base 12, what is -20 + 4?
-18
In base 4, what is 0 - -1021?
1021
In base 10, what is 5 + 302?
307
In base 7, what is -1 - 1?
-2
In base 16, what is 1 + 5b?
5c
In base 3, what is -2022120 - 0?
-2022120
In base 14, what is 1 - 3?
-2
In base 4, what is 3 - 230302?
-230233
In base 8, what is -7 - 345?
-354
In base 15, what is 1db + 3?
1de
In base 10, what is -16 - -18?
2
In base 13, what is -14 - 0?
-14
In base 10, what is 4 + 162?
166
In base 9, what is 17112 + 2?
17114
In base 4, what is -200022 + -10?
-200032
In base 6, what is 54 + -31?
23
In base 8, what is 12113 - -1?
12114
In base 3, what is 11 - -12220?
20001
In base 2, what is 1 - -110011?
110100
In base 14, what is 8d + -1?
8c
In base 7, what is 10 - 236?
-226
In base 14, what is -2 + 2a?
28
In base 16, what is 5e - -1?
5f
In base 12, what is 2b - -30a?
339
In base 14, what is -19b - 8?
-1a5
In base 13, what is 1 + -10c8?
-10c7
In base 2, what is 1001011110 + 10?
1001100000
In base 14, what is -59 + b?
-4c
In base 16, what is -11c + 0?
-11c
In base 5, what is 3 + 12?
20
In base 14, what is -443c + -2?
-4440
In base 16, what is 9a - 3?
97
In base 16, what is 1d + 2f?
4c
In base 10, what is -10 - 5?
-15
In base 9, what is 167 - -20?
187
In base 6, what is 2 - 412?
-410
In base 16, what is 117 + -4?
113
In base 7, what is 62 - 110?
-15
In base 4, what is 3 + 1130?
1133
In base 9, what is 21 + 2?
23
In base 2, what is -1 - -110?
101
In base 13, what is -1372 - 2?
-1374
In base 4, what is -20 + -1013?
-1033
In base 16, what is 1 + -21?
-20
In base 4, what is -11 + -2112?
-2123
In base 11, what is -4 + 62?
59
In base 13, what is 3c2 + -3?
3bc
In base 6, what is -1 + -1224?
-1225
In base 11, what is -21 + 33?
12
In base 15, what is -15aba + 4?
-15ab6
In base 15, what is 32 - -10?
42
In base 4, what is -313331 - 0?
-313331
In base 15, what is -5 - d13?
-d18
In base 13, what is b + -1091?
-1083
In base 12, what is -1108 + 1?
-1107
In base 6, what is -103 + 40?
-23
In base 2, what is -1100010100101011 - -101?
-1100010100100110
In base 7, what is 5 - 60?
-52
In base 9, what is -107 - 3?
-111
In base 10, what is -2612 + -4?
-2616
In base 10, what is -11 - -3?
-8
In base 14, what is 69 - 5?
64
In base 16, what is -3 + -10?
-13
In base 3, what is 1 - -1212?
1220
In base 16, what is 0 - -1e?
1e
In base 7, what is -5 - 116?
-124
In base 14, what is 24 + 7?
2b
In base 16, what is 35 + -12?
23
In base 12, what is -2b - -16?
-15
In base 6, what is -35115 - 2?
-35121
In base 2, what is 100000010011 + 11?
100000010110
In base 13, what is -b38 - -8?
-b30
In base 4, what is 120101 - -3?
120110
In base 11, what is -15 - -7?
-9
In base 10, what is -19 - -70?
51
In base 10, what is -18 + 38?
20
In base 5, what is -14440 + 4?
-14431
In base 14, what is 0 - 605?
-605
In base 16, what is a - -2d?
37
In base 3, what is 1001220 - -21?
1002011
In base 5, what is -230 - -1102?
322
In base 15, what is -cc6 + 1?
-cc5
In base 4, what is 10 - 2331?
-2321
In base 8, what is 155 + -7?
146
In base 14, what is 15c5 + -5?
15c0
In base 2, what is 1000 + 101?
1101
In base 7, what is -151 - -5?
-143
In base 12, what is -351 + -4?
-355
In base 16, what is 3 + -47?
-44
In base 2, what is 0 + -101011?
-101011
In base 15, what is -2da1 - 3?
-2da4
In base 15, what is 1 - -50?
51
In base 14, what is 426 - -2?
428
In base 11, what is -2a9a + 0?
-2a9a
In base 2, what is 1 + 11001?
11010
In base 15, what is -5 + -177b?
-1781
In base 3, what is -221120 - -2?
-221111
In base 10, what is -3 - 5250?
-5253
In base 4, what is 1210 + 11?
1221
In base 5, what is -1 - -1421?
1420
In base 16, what is -2fe - -5?
-2f9
In base 5, what is 4 + -3?
1
In base 4, what is 1303 - 1331?
-22
In base 16, what is 3 - -3d?
40
In base 8, what is -5 + 1461?
1454
In base 7, what is 4 - 52?
-45
In base 2, what is -10 + -11?
-101
In base 12, what is -4 - -1513?
150b
In base 6, what is -10 + -44?
-54
In base 5, what is 0 + 2431?
2431
In base 3, what is 1012 - -10?
1022
In base 9, what is 0 - -108?
108
In base 6, what is -200 + -5?
-205
In base 10, what is 1 - 67?
-66
In base 2, what is -10 + 11010011?
11010001
In base 7, what is 31 + 5?
36
In base 15, what is 4bc - 2?
4ba
In base 9, what is 21308 + 5?
21314
In base 6, what is 3 - 4525?
-4522
In base 8, what is -16 + -42?
-60
In base 5, what is -12433 - -4?
-12424
In base 13, what is 5 - 17?
-12
In base 8, what is -25 - -273?
246
In base 15, what is 786 - 2?
784
In base 13, what is -69 - -2?
-67
In base 13, what is -b6 + 4?
-b2
In base 3, what is -11212 + 2220?
-1222
In base 16, what is 40 - 2?
3e
In base 8, what is -4236 - 3?
-4241
In base 7, what is 32 + 2?
34
In base 14, what is 615 - 4?
611
In base 9, what is 121 + 3?
124
In base 5, what is -1230 - -10?
-1220
In base 7, what is -46 + -5?
-54
In base 9, what is 1071 + 1?
1072
In base 8, what is -20 - 57?
-77
In base 7, what is -614 + -3?
-620
In base 5, what is 1041 - 24?
1012
In base 13, what is -876 + 5?
-871
In base 4, what is 1 + -130?
-123
In base 9, what is 35 - 538?
-503
In base 7, what is 514 + -153?
331
In base 6, what is 3 - 3131?
-3124
In base 6, what is 2 